 of 278854434.
2, 3, 17, 179, 1697
What are the prime factors of 695752271?
695752271
List the prime factors of 250009390.
2, 5, 41, 609779
List the prime factors of 9609010.
2, 5, 149, 6449
What are the prime factors of 30669496?
2, 11, 13, 17, 19, 83
What are the prime factors of 70260903?
3, 599, 13033
What are the prime factors of 238070106?
2, 3, 29, 137, 3329
What are the prime factors of 874515500?
2, 5, 1749031
List the prime factors of 586675028.
2, 3307, 44351
List the prime factors of 1292204236.
2, 53, 61, 99923
What are the prime factors of 789888696?
2, 3, 59, 557831
List the prime factors of 117773343.
3, 19, 688733
List the prime factors of 2338556733.
3, 259839637
What are the prime factors of 11666750?
2, 5, 23, 2029
List the prime factors of 2120993526.
2, 3, 31, 1663, 6857
List the prime factors of 257319205.
5, 11, 13, 32717
What are the prime factors of 4008450?
2, 3, 5, 26723
What are the prime factors of 4612335911?
89, 51823999
What are the prime factors of 605608908?
2, 3, 50467409
What are the prime factors of 40697787?
3, 13, 23, 59, 769
What are the prime factors of 275371184?
2, 11, 73, 21433
What are the prime factors of 25956090?
2, 3, 5, 19, 43, 353
List the prime factors of 180578333.
13, 67, 151, 1373
List the prime factors of 52171492.
2, 19, 647, 1061
List the prime factors of 661887654.
2, 3, 110314609
What are the prime factors of 16138799?
16138799
What are the prime factors of 31566469?
11, 47, 61057
What are the prime factors of 14180562?
2, 3, 11, 23873
What are the prime factors of 297527304?
2, 3, 2113, 5867
List the prime factors of 150680580.
2, 3, 5, 2511343
What are the prime factors of 536430097?
7, 19, 113, 5099
What are the prime factors of 6799940?
2, 5, 7, 48571
List the prime factors of 853450170.
2, 3, 5, 19, 1497281
What are the prime factors of 80025228?
2, 3, 37, 73, 823
What are the prime factors of 141754996?
2, 137, 258677
List the prime factors of 79029063.
3, 89, 98663
What are the prime factors of 1454385626?
2, 2371, 306703
List the prime factors of 36684825.
3, 5, 317, 1543
What are the prime factors of 52892812?
2, 7, 1889029
List the prime factors of 57851166.
2, 3, 83, 116167
List the prime factors of 839102162.
2, 1483, 282907
List the prime factors of 1255525402.
2, 7309, 85889
What are the prime factors of 36185929?
13, 109, 25537
What are the prime factors of 5687479832?
2, 197, 3608807
What are the prime factors of 39083594?
2, 11, 149, 11923
List the prime factors of 120786871.
43, 2808997
What are the prime factors of 921562?
2, 29, 15889
List the prime factors of 69793362.
2, 3, 23, 263, 641
List the prime factors of 270307152.
2, 3, 47, 13313
What are the prime factors of 42592518?
2, 3, 61, 38791
List the prime factors of 636446090.
2, 5, 7, 9092087
What are the prime factors of 2677030881?
3, 7, 23, 5542507
List the prime factors of 3681520850.
2, 5, 7, 17, 401, 1543
What are the prime factors of 1368876222?
2, 3, 7, 47, 97, 2383
List the prime factors of 1644458198.
2, 241, 3411739
List the prime factors of 122848943.
7, 2963, 5923
What are the prime factors of 671857995?
3, 5, 1237, 36209
List the prime factors of 35997339.
3, 7, 1714159
List the prime factors of 25227989.
25227989
What are the prime factors of 629026362?
2, 3, 34945909
What are the prime factors of 183059999?
2579, 70981
What are the prime factors of 1148830860?
2, 3, 5, 31, 617651
List the prime factors of 83367636.
2, 3, 11, 631573
What are the prime factors of 16168343?
17, 951079
List the prime factors of 63326003.
13, 17, 286543
What are the prime factors of 767942219?
11, 1201, 58129
What are the prime factors of 135687469?
135687469
List the prime factors of 234732788.
2, 281, 208837
What are the prime factors of 413906266?
2, 317, 652849
What are the prime factors of 71529804?
2, 3, 220771
List the prime factors of 1236789798.
2, 3, 73, 2823721
List the prime factors of 56971533.
3, 2851, 6661
What are the prime factors of 34960438?
2, 17480219
What are the prime factors of 1079553949?
281, 3841829
What are the prime factors of 676901031?
3, 6257, 36061
What are the prime factors of 68685340?
2, 5, 29, 118423
List the prime factors of 8406724465.
5, 1681344893
List the prime factors of 3375115863.
3, 7, 19, 673, 12569
List the prime factors of 25956411.
3, 13, 665549
List the prime factors of 730710680.
2, 5, 7, 29, 89989
List the prime factors of 26197019.
43, 609233
List the prime factors of 55960699.
5323, 10513
What are the prime factors of 1394134859?
13, 173, 263, 2357
List the prime factors of 115120977.
3, 59, 650401
List the prime factors of 1512435063.
3, 1123, 448927
List the prime factors of 123562652.
2, 31, 557, 1789
List the prime factors of 978609597.
3, 7, 46600457
What are the prime factors of 3707912?
2, 13, 101, 353
List the prime factors of 120197398.
2, 457, 131507
What are the prime factors of 427649065?
5, 41, 113, 18461
What are the prime factors of 7051691299?
107, 65903657
List the prime factors of 48525562.
2, 24262781
List the prime factors of 5331158932.
2, 11, 121162703
What are the prime factors of 42836295?
3, 5, 283, 10091
List the prime factors of 1177579717.
73, 16131229
What are the prime factors of 1465771781?
1465771781
What are the prime factors of 251954250?
2, 3, 5, 19, 17681
What are the prime factors of 2968088991?
3, 7, 613, 230567
List the prime factors of 3491829342.
2, 3, 17, 37, 308411
What are the prime factors of 78855674?
2, 4789, 8233
List the prime factors of 14675792.
2, 917237
What are the prime factors of 642136238?
2, 227, 1414397
What are the prime factors of 11352948?
2, 3, 946079
What are the prime factors of 1379285977?
157, 8785261
What are the prime factors of 192605152?
2, 83, 127, 571
List the prime factors of 4598911476.
2, 3, 83, 1539127
List the prime factors of 6397731305.
5, 7, 26113189
List the prime factors of 1383712091.
1383712091
What are the prime factors of 62173340?
2, 5, 137, 22691
What are the prime factors of 17050683?
3, 13, 53, 73, 113
What are the prime factors of 277815703?
11, 25255973
List the prime factors of 531528085.
5, 11, 67, 144241
List the prime factors of 424841198.
2, 212420599
What are the prime factors of 84287234?
2, 131, 321707
What are the prime factors of 49708882?
2, 379, 65579
List the prime factors of 92270046.
2, 3, 11, 1398031
What are the prime factors of 1612103791?
61, 139, 190129
What are the prime factors of 1686035048?
2, 210754381
What are the prime factors of 2737993559?
7, 29, 463, 29131
What are the prime factors of 665061664?
2, 20783177
What are the prime factors of 135101268?
2, 3, 59, 63607
What are the prime factors of 5220924826?
2, 13, 200804801
List the prime factors of 997844321.
2657, 375553
List the prime factors of 37913912.
2, 4739239
List the prime factors of 1208828985.
3, 5, 7, 13, 885589
List the prime factors of 122028367.
43, 1597, 1777
What are the prime factors of 144030909?
3, 11, 41, 106453
What are the prime factors of 937502850?
2, 3, 5, 727, 8597
What are the prime factors of 92385748?
2, 7, 13, 353, 719
List the prime factors of 3370505032.
2, 439, 557, 1723
What are the prime factors of 42453648?
2, 3, 113, 2609
What are the prime factors of 61027519?
7, 8718217
List the prime factors of 1920121252.
2, 7, 59, 166043
List the prime factors of 618073354.
2, 309036677
What are the prime factors of 26161451?
29, 902119
What are the prime factors of 2060734136?
2, 257591767
What are the prime factors of 746752810?
2, 5, 74675281
What are the prime factors of 39817984?
2, 155539
What are the prime factors of 47094963?
3, 15698321
What are the prime factors of 204558852?
2, 3, 47, 362693
What are the prime factors of 45471905?
5, 1669, 5449
What are the prime factors of 214004372?
2, 19, 113, 24919
List the prime factors of 567249473.
7, 41, 83, 23813
List the prime factors of 169149293.
169149293
List the prime factors of 122502377.
79, 1550663
What are the prime factors of 458308724?
2, 8609, 13309
What are the prime factors of 23666430?
2, 3, 5, 41, 71, 271
What are the prime factors of 8617955?
5, 179, 9629
List the prime factors of 14852793.
3, 4950931
What are the prime factors of 1102739985?
3, 5, 24505333
What are the prime factors of 2